{"id":127,"date":"2021-02-18T10:12:51","date_gmt":"2021-02-18T10:12:51","guid":{"rendered":"https:\/\/online.kunst-schule.ch\/?post_type=product&#038;p=127"},"modified":"2021-02-18T16:07:41","modified_gmt":"2021-02-18T16:07:41","slug":"tiere-zeichnen-wie-geht-das-winterthur","status":"publish","type":"product","link":"https:\/\/online.kunst-schule.ch\/index.php\/produkt\/tiere-zeichnen-wie-geht-das-winterthur\/","title":{"rendered":"Tiere Zeichnen &#8211; Wie geht das?"},"content":{"rendered":"<p>Ich weiss, dass &#8222;Tiere Zeichnen&#8220; ein sehr weiter Begriff ist, daf\u00fcr ist ihr Aussehen zu vielf\u00e4ltig. Darum werde ich versuchen, dir ein grunds\u00e4tzliches Verst\u00e4ndnis zur Formensprache mitzugeben. Dabei wird auch die Dreidimensionalit\u00e4t eine grosse Rolle spielen. Aufschlussreich sind Details wie F\u00fcsse oder Sch\u00e4del aber auch Oberfl\u00e4chenstrukturen wie Pelz, Schuppen oder Federn k\u00f6nnen Thema werden. Wir werden mit Material wie Bleistift, Kugelschreiber oder Tusche arbeiten und in der Technik immer wieder variantenreich experimentieren. Hinterfrage dich nicht, ob du das alles k\u00f6nntest, sondern gib dir einen Ruck und versuche es einfach. Du bekommst von mir einige Zeichnungstipps damit du \u00fcber dich staunen kannst.<\/p>\n<p><strong>Lernziele:<\/strong><br \/>\nR\u00e4umliches Verst\u00e4ndnis f\u00f6rdern<br \/>\nFormverst\u00e4ndnis trainieren<br \/>\nZeichnerische Strategien erlernen, um komplexe Formen darstellen zu k\u00f6nnen<br \/>\nDas Sehen bewusster wahrnehmen und verstehen<\/p>\n","protected":false},"excerpt":{"rendered":"<p>&#8222;Tiere Zeichnen &#8211; Wie geht das?&#8220; an der Kunstschule Winterthur<br \/>\nF\u00fcr Erwachsene<\/p>\n","protected":false},"featured_media":128,"template":"","meta":{"_et_pb_use_builder":"","_et_pb_old_content":"","_et_gb_content_width":""},"product_cat":[53,54],"product_tag":[64,36,60,35,73,32,75,74],"_links":{"self":[{"href":"https:\/\/online.kunst-schule.ch\/index.php\/wp-json\/wp\/v2\/product\/127"}],"collection":[{"href":"https:\/\/online.kunst-schule.ch\/index.php\/wp-json\/wp\/v2\/product"}],"about":[{"href":"https:\/\/online.kunst-schule.ch\/index.php\/wp-json\/wp\/v2\/types\/product"}],"wp:featuredmedia":[{"embeddable":true,"href":"https:\/\/online.kunst-schule.ch\/index.php\/wp-json\/wp\/v2\/media\/128"}],"wp:attachment":[{"href":"https:\/\/online.kunst-schule.ch\/index.php\/wp-json\/wp\/v2\/media?parent=127"}],"wp:term":[{"taxonomy":"product_cat","embeddable":true,"href":"https:\/\/online.kunst-schule.ch\/index.php\/wp-json\/wp\/v2\/product_cat?post=127"},{"taxonomy":"product_tag","embeddable":true,"href":"https:\/\/online.kunst-schule.ch\/index.php\/wp-json\/wp\/v2\/product_tag?post=127"}],"curies":[{"name":"wp","href":"https:\/\/api.w.org\/{rel}","templated":true}]}}