{"id":156,"date":"2021-02-19T14:00:13","date_gmt":"2021-02-19T14:00:13","guid":{"rendered":"https:\/\/online.kunst-schule.ch\/?post_type=product&#038;p=156"},"modified":"2021-03-25T13:16:13","modified_gmt":"2021-03-25T13:16:13","slug":"fruehlingserwachen-7-12-chur","status":"publish","type":"product","link":"https:\/\/online.kunst-schule.ch\/index.php\/produkt\/fruehlingserwachen-7-12-chur\/","title":{"rendered":"Fr\u00fchlingserwachen"},"content":{"rendered":"<p>Nach dem Winter erwacht draussen die Farben-Welt.<\/p>\n<p>Wir \u00fcben uns im Naturstudium, beobachten, was in den Wiesen w\u00e4chst und an den B\u00e4umen bl\u00fcht, skizzieren und zeichnen draussen.<br \/>\nDu malst im Atelier dein Blumenfeld, deine Sommerwiese oder ein von dir arrangiertes Stillleben.<\/p>\n<p>Du kannst dich gerne auch einmal im Scherenschnitt \u00fcben oder deine 3D-Fantasie-Blume aus Papier herstellen.<br \/>\nLass dich vom Fr\u00fchling und den Farben inspirieren!<\/p>\n","protected":false},"excerpt":{"rendered":"<p>&#8222;Fr\u00fchlingserwachen&#8220; an der Kunstschule Chur<br \/>\nF\u00fcr Kinder von 7 bis 12 Jahre<\/p>\n","protected":false},"featured_media":157,"template":"","meta":{"_et_pb_use_builder":"","_et_pb_old_content":"","_et_gb_content_width":""},"product_cat":[23],"product_tag":[64,63,62,61,36,60,35,31],"_links":{"self":[{"href":"https:\/\/online.kunst-schule.ch\/index.php\/wp-json\/wp\/v2\/product\/156"}],"collection":[{"href":"https:\/\/online.kunst-schule.ch\/index.php\/wp-json\/wp\/v2\/product"}],"about":[{"href":"https:\/\/online.kunst-schule.ch\/index.php\/wp-json\/wp\/v2\/types\/product"}],"wp:featuredmedia":[{"embeddable":true,"href":"https:\/\/online.kunst-schule.ch\/index.php\/wp-json\/wp\/v2\/media\/157"}],"wp:attachment":[{"href":"https:\/\/online.kunst-schule.ch\/index.php\/wp-json\/wp\/v2\/media?parent=156"}],"wp:term":[{"taxonomy":"product_cat","embeddable":true,"href":"https:\/\/online.kunst-schule.ch\/index.php\/wp-json\/wp\/v2\/product_cat?post=156"},{"taxonomy":"product_tag","embeddable":true,"href":"https:\/\/online.kunst-schule.ch\/index.php\/wp-json\/wp\/v2\/product_tag?post=156"}],"curies":[{"name":"wp","href":"https:\/\/api.w.org\/{rel}","templated":true}]}}