{"id":166,"date":"2021-02-19T16:57:08","date_gmt":"2021-02-19T16:57:08","guid":{"rendered":"https:\/\/online.kunst-schule.ch\/?post_type=product&#038;p=166"},"modified":"2021-02-19T17:15:20","modified_gmt":"2021-02-19T17:15:20","slug":"siebdruck-workshop-einfuehrung-winterthur","status":"publish","type":"product","link":"https:\/\/online.kunst-schule.ch\/index.php\/produkt\/siebdruck-workshop-einfuehrung-winterthur\/","title":{"rendered":"Siebdruck-Workshop: Einf\u00fchrung"},"content":{"rendered":"<div class=\"et_pb_module et_pb_text et_pb_text_1  et_pb_text_align_left et_pb_bg_layout_light\">\n<div class=\"et_pb_text_inner\">\n<p>In diesem Workshop lernst du die Technik des Siebdrucks kennen. Mit einem einfachen Motiv und einer Musterung wirst du einen Zweifarbendruck auf Papier realisieren. Spielend einfach.<\/p>\n<ul>\n<li>Gruppengr\u00f6sse: 4 Personen<\/li>\n<li>Niveau: f\u00fcr Anf\u00e4nger<\/li>\n<li>Mitbringen: \u2013<\/li>\n<\/ul>\n<p>&nbsp;<\/p>\n<h3>Workshop Ablauf<\/h3>\n<p>10:00 \u2013 12:15Uhr<br \/>\nAus dem gew\u00e4hlten Motiv fertigst du eine Kopiervorlage an, die du w\u00e4hrend dem Morgen in die richtige Gestaltungsform bringst.<\/p>\n<p>12:15 \u2013 13:15 Mittagspause<\/p>\n<p>13:15 \u2013 16:30<br \/>\nAm Nachmittag belichtest du die Siebe mit deinen Motivfolien und dann wird gedruckt.<br \/>\nDu kannst auf einem einzelnen Sieb ein grosses Motiv oder mehrere kleinere Motive belichten.<\/p>\n<p>16:30 \u2013 17:00 aufr\u00e4umen<\/p>\n<\/div>\n<\/div>\n<div class=\"et_pb_module et_pb_text et_pb_text_2  et_pb_text_align_left et_pb_bg_layout_light\">\n<div class=\"et_pb_text_inner\">\n<div class=\"et_pb_module et_pb_text et_pb_text_3  et_pb_text_align_left et_pb_bg_layout_light\">\n<div class=\"et_pb_text_inner\">\n<h3><\/h3>\n<h3>Die Technik des Siebdrucks<\/h3>\n<p>Der Siebdruck ist ein Druckverfahren, das durch die vielf\u00e4ltige Schablonenherstellung und die breite Palette der Drucktr\u00e4ger besticht. Das heisst konkret: Du kannst fast jede Vorlage, sei es Zeichnung, Foto, Muster oder Schrift, bearbeiten und als Druckschablone verwenden. Mit dieser Schablone druckst du anschliessend z. B. auf Papier, Karton, Textil, Holz oder Kunststoff.<br \/>\nDie Auswahl der Farbe, die Kombination der Motive und die unterschiedlichsten Drucktr\u00e4ger unterstu\u0308tzen dich beim Experimentieren und garantieren auch ohne besondere Vorkenntnisse ein hochwertiges Endprodukt!<\/p>\n<h3>Die Druckvorlage fu\u0308r den Siebdruck<\/h3>\n<p>Um im Siebdruckverfahren drucken zu k\u00f6nnen, brauchst du zun\u00e4chst ein Motiv. Bei der Wahl des Motivs hast du viele M\u00f6glichkeiten: Es kann ein Schriftzug, eine Zeichnung, Grafik oder auch ein Foto sein. Wichtig ist, dass das Motiv nur schwarz und weiss ist und keine Graustufen enth\u00e4lt!<br \/>\nMotive mit Graustufen k\u00f6nnen mit Bildbearbeitungsprogrammen umgewandelt werden, sodass sie nur noch aus schwarzen und weissen Pu\u0308nktchen bzw. Fl\u00e4chen bestehen.<\/p>\n<\/div>\n<\/div>\n<\/div>\n<\/div>\n","protected":false},"excerpt":{"rendered":"<p>Siebdruck-Workshop: Einf\u00fchrung an der Kunstschule Winterthur<br \/>\nF\u00fcr Jugendliche und Erwachsene<\/p>\n","protected":false},"featured_media":161,"template":"","meta":{"_et_pb_use_builder":"","_et_pb_old_content":"","_et_gb_content_width":""},"product_cat":[77],"product_tag":[81,64,36,60,35,78,79,80],"_links":{"self":[{"href":"https:\/\/online.kunst-schule.ch\/index.php\/wp-json\/wp\/v2\/product\/166"}],"collection":[{"href":"https:\/\/online.kunst-schule.ch\/index.php\/wp-json\/wp\/v2\/product"}],"about":[{"href":"https:\/\/online.kunst-schule.ch\/index.php\/wp-json\/wp\/v2\/types\/product"}],"wp:featuredmedia":[{"embeddable":true,"href":"https:\/\/online.kunst-schule.ch\/index.php\/wp-json\/wp\/v2\/media\/161"}],"wp:attachment":[{"href":"https:\/\/online.kunst-schule.ch\/index.php\/wp-json\/wp\/v2\/media?parent=166"}],"wp:term":[{"taxonomy":"product_cat","embeddable":true,"href":"https:\/\/online.kunst-schule.ch\/index.php\/wp-json\/wp\/v2\/product_cat?post=166"},{"taxonomy":"product_tag","embeddable":true,"href":"https:\/\/online.kunst-schule.ch\/index.php\/wp-json\/wp\/v2\/product_tag?post=166"}],"curies":[{"name":"wp","href":"https:\/\/api.w.org\/{rel}","templated":true}]}}