{"id":186,"date":"2021-02-23T09:15:26","date_gmt":"2021-02-23T09:15:26","guid":{"rendered":"https:\/\/online.kunst-schule.ch\/?post_type=product&#038;p=186"},"modified":"2021-02-23T10:12:07","modified_gmt":"2021-02-23T10:12:07","slug":"siebdruck-workshop-papier-winterthur","status":"publish","type":"product","link":"https:\/\/online.kunst-schule.ch\/index.php\/produkt\/siebdruck-workshop-papier-winterthur\/","title":{"rendered":"Siebdruck-Workshop: Papier"},"content":{"rendered":"<p>In diesem Workshop bedruckst du Papier in deiner Format-Wahl, Karton, Karten, Packpapier mit deinem eigenen Motiv. Ich werde dir in kurzer Zeit das n\u00f6tigste Know-how vermitteln, damit du eigenst\u00e4ndig Schablonen anfertigen und drucken kannst. Es k\u00f6nnen Einfarben Drucke oder Mehrfarbendrucke entstehen.<\/p>\n<p>Gruppengr\u00f6sse: 4 Personen<br \/>\nNiveau: F\u00fcr alle geeignet, die sich trauen oder bereits gedruckt haben<br \/>\nMitbringen: deine Vorlagen in schwarz-weiss f\u00fcr den Siebdruck, Spezialpapier A4, A3, A2, A1, Karten, Karton, Packpapier, etc.<\/p>\n<p>&nbsp;<\/p>\n<p>Workshop Ablauf<br \/>\n10:00 \u2013 12:15Uhr<br \/>\nAus dem gew\u00e4hlten Motiv fertigst du eine Kopiervorlage an, die du w\u00e4hrend dem Morgen in die richtige Gestaltungsform bringst.<\/p>\n<p>12:15 \u2013 13:15 Mittagspause<\/p>\n<p>13:15 \u2013 16:30<br \/>\nAm Nachmittag belichtest du die Siebe mit deinen Motiv-Folien und dann wird gedruckt.<br \/>\nDu kannst auf einem einzelnen Sieb ein grosses Motiv oder mehrere kleinere Motive belichten.<\/p>\n<p>16:30 \u2013 17:00 aufr\u00e4umen<\/p>\n<h3>Die Technik des Siebdrucks<\/h3>\n<p>Der Siebdruck ist ein Druckverfahren, das durch die vielf\u00e4ltige Schablonen-Herstellung und die breite Palette der Drucktr\u00e4ger besticht. Das heisst konkret: Du kannst fast jede Vorlage, sei es Zeichnung, Foto, Muster oder Schrift, bearbeiten und als Druckschablone verwenden. Mit dieser Schablone druckst du anschliessend z. B. auf Papier, Karton, Textil, Holz oder Kunststoff.<br \/>\nDie Auswahl der Farbe, die Kombination der Motive und die unterschiedlichsten Drucktr\u00e4ger unterstu\u0308tzen dich beim Experimentieren und garantieren auch ohne besondere Vorkenntnisse ein hochwertiges Endprodukt!<\/p>\n<h3>Die Druckvorlage fu\u0308r den Siebdruck<\/h3>\n<p>Um im Siebdruckverfahren drucken zu k\u00f6nnen, brauchst du zun\u00e4chst ein Motiv. Bei der Wahl des Motivs hast du viele M\u00f6glichkeiten: Es kann ein Schriftzug, eine Zeichnung, Grafik oder auch ein Foto sein. Wichtig ist, dass das Motiv nur schwarz und weiss ist und keine Graustufen enth\u00e4lt!<br \/>\nMotive mit Graustufen k\u00f6nnen mit Bildbearbeitungsprogrammen umgewandelt werden, sodass sie nur noch aus schwarzen und weissen Pu\u0308nktchen bzw. Fl\u00e4chen bestehen.<\/p>\n","protected":false},"excerpt":{"rendered":"<p>Siebdruck-Workshop: Papier an der Kunstschule Winterthur<br \/>\nF\u00fcr Jugendliche und Erwachsene<\/p>\n","protected":false},"featured_media":205,"template":"","meta":{"_et_pb_use_builder":"","_et_pb_old_content":"","_et_gb_content_width":""},"product_cat":[77],"product_tag":[81,64,36,60,35,78,79,80],"_links":{"self":[{"href":"https:\/\/online.kunst-schule.ch\/index.php\/wp-json\/wp\/v2\/product\/186"}],"collection":[{"href":"https:\/\/online.kunst-schule.ch\/index.php\/wp-json\/wp\/v2\/product"}],"about":[{"href":"https:\/\/online.kunst-schule.ch\/index.php\/wp-json\/wp\/v2\/types\/product"}],"wp:featuredmedia":[{"embeddable":true,"href":"https:\/\/online.kunst-schule.ch\/index.php\/wp-json\/wp\/v2\/media\/205"}],"wp:attachment":[{"href":"https:\/\/online.kunst-schule.ch\/index.php\/wp-json\/wp\/v2\/media?parent=186"}],"wp:term":[{"taxonomy":"product_cat","embeddable":true,"href":"https:\/\/online.kunst-schule.ch\/index.php\/wp-json\/wp\/v2\/product_cat?post=186"},{"taxonomy":"product_tag","embeddable":true,"href":"https:\/\/online.kunst-schule.ch\/index.php\/wp-json\/wp\/v2\/product_tag?post=186"}],"curies":[{"name":"wp","href":"https:\/\/api.w.org\/{rel}","templated":true}]}}